18. What is z(12)?
6
Let p(h) = -10*h - 60. Determine p(-7).
10
Let k(t) = t**3 + 7*t**2 - 6*t - 58. Calculate k(-6).
14
Let i(u) = u**3 - 15*u**2 + 17*u + 26. Determine i(13).
-91
Let q(n) = 298*n + 1792. Calculate q(-6).
4
Let r(q) = 5*q + 13. Give r(-1).
8
Let y(n) = 9*n**2 - n. Calculate y(-1).
10
Let j(k) = -5*k - 152. What is j(-31)?
3
Let c(j) = j**2 - 14*j - 2. Calculate c(14).
-2
Let l(s) = s**2 - 13*s + 6. Give l(13).
6
Let u(b) = 17*b - 9. Calculate u(2).
25
Let l(c) = -c - 30. Give l(-7).
-23
Let f(q) = 4*q**2 - 5*q + 2. Give f(4).
46
Let w(y) = 3*y**2 - 2*y + 3. Determine w(3).
24
Let y(l) = 3*l**3 - 6*l**2 + 7*l - 2. Determine y(1).
2
Let g(m) = 14*m - 39. Give g(3).
3
Let s(a) = 2*a**3 - 17*a**2 + 5*a - 7. Give s(8).
-31
Let x(y) = 16*y + 54. Calculate x(-3).
6
Let z(s) = s**3 - 9*s**2 - 11*s + 10. Calculate z(10).
0
Let w(p) = -3*p + 45. What is w(15)?
0
Let c(r) = -2*r + 12. Give c(5).
2
Let v(f) = 3*f + 46. Calculate v(-2).
40
Let c(p) = 7*p - 8. Give c(-8).
-64
Let n(j) = j**3 + 10*j**2 + 11*j + 8. Calculate n(-8).
48
Let p(f) = -2*f - 11. Give p(-11).
11
Let i(p) = 5*p + 37. What is i(-7)?
2
Let j(o) = -16*o**2 - 6*o + 6. Determine j(1).
-16
Let n(g) = 34*g**3 + 2*g**2 - 2*g + 1. Calculate n(1).
35
Let z(x) = 4*x - 14. Give z(11).
30
Let l(k) = -k**2 + 6*k. What is l(6)?
0
Let r(x) = -x**3 + 4*x**2 - x - 6. What is r(5)?
-36
Let v(d) = -10*d - 204. Give v(-23).
26
Let z(g) = g**2 + 9*g - 5. Give z(-10).
5
Let l(d) = -4*d + 24. Give l(7).
-4
Let q(c) = -c**2 - 15*c - 55. Determine q(-6).
-1
Let j(v) = v**3 + 17*v**2 - 37*v + 26. Determine j(-19).
7
Let z(c) = c**2 + c - 16. What is z(3)?
-4
Let f(c) = -c**3 + 7*c**2 + 8*c - 30. What is f(6)?
54
Let y(j) = -2*j**3 + 102*j**2 + 103*j + 44. Calculate y(52).
-8
Let v(p) = -3*p + 12. What is v(8)?
-12
Let r(h) = 45*h**2 - 5*h + 5. Determine r(1).
45
Let o(j) = 7*j + 14. What is o(-2)?
0
Let p(d) = -5*d**2 - 6*d + 10. Determine p(-4).
-46
Let n(h) = h**2 - h. Give n(1).
0
Let u(k) = k**2 - 6*k - 59. Determine u(-7).
32
Let c(p) = 4*p - 94. What is c(25)?
6
Let s(h) = -3*h**2 + 15*h + 11. Determine s(7).
-31
Let u(b) = 7*b - 1. Determine u(1).
6
Let y(k) = -22*k + 982. What is y(45)?
-8
Let m(v) = v**3 + 6*v**2 - 7*v - 4. What is m(-7)?
-4
Let j(k) = -21*k - 812. What is j(-39)?
7
Let a(g) = -9*g + 50. Give a(13).
-67
Let f(p) = 5*p**3 - 4*p**2 + 6*p + 1. Calculate f(2).
37
Let l(k) = -k - 28. Calculate l(-31).
3
Let w(n) = n**3 + 5*n**2 - 5*n + 16. Determine w(-4).
52
Let n(d) = -d**2 + 16*d + 12. What is n(14)?
40
Let l(i) = 5*i. Determine l(-1).
-5
Let z(j) = -j**2 - 8*j + 7. Give z(-6).
19
Let o(g) = g**2 + 136*g + 905. What is o(-7)?
2
Let u(f) = f**2 + 10*f + 8. Determine u(-8).
-8
Let b(h) = -116*h - 688. What is b(-6)?
8
Let g(z) = -2*z**2 + 2*z - 4. Give g(-3).
-28
Let h(l) = 9*l + 88. Calculate h(-10).
-2
Let n(k) = -3*k - 46. Determine n(-12).
-10
Let c(g) = -3*g**3 + 13*g**2 + 16*g + 3. What is c(-1)?
3
Let x(y) = y**3 + 3*y**2 + 2*y + 1. Determine x(-2).
1
Let x(p) = p**2 - 4*p + 6. Give x(4).
6
Let i(r) = 2*r + 9. Calculate i(0).
9
Let w(g) = g**3 + 52*g**2 - 50*g + 158. Determine w(-53).
-1
Let v(n) = n**3 + 8*n**2 + 10*n - 8. Calculate v(-5).
17
Let d(u) = u**2 - 5*u - 4. Give d(7).
10
Let o(a) = -a**2 - 25*a + 34. Give o(-26).
8
Let c(v) = -95*v + 57. Give c(1).
-38
Let x(c) = 24*c - 4. Give x(-4).
-100
Let i(j) = 4*j**3 - j**2 + 4*j - 3. What is i(2)?
33
Let w(d) = 2*d - 42. What is w(19)?
-4
Let u(o) = -10*o + 15. Calculate u(7).
-55
Let p(n) = n**3 + 7*n**2 + 4*n - 8. Determine p(-6).
4
Let o(b) = b**3 - 2*b**2 - 4*b - 1. Determine o(4).
15
Let a(c) = -4*c + 29. Give a(23).
-63
Let i(u) = 2*u**2 - u. Give i(-3).
21
Let h(c) = c**3 - 13*c**2 - 15*c + 19. Determine h(14).
5
Let d(o) = o**2 - 19*o + 29. Calculate d(17).
-5
Let a(h) = -h**2 + 4*h + 7. What is a(5)?
2
Let z(f) = -20*f + 9. Determine z(4).
-71
Let z(j) = -j**3 - 9*j**2 - 3*j + 10. Calculate z(-8).
-30
Let i(s) = -14*s + 5. Give i(-3).
47
Let h(t) = -t**3 - 12*t**2 - 14*t - 45. What is h(-11)?
-12
Let w(v) = -v**3 + 4*v**2 - 2*v + 6. Calculate w(4).
-2
Let f(b) = b**3 + 20*b**2 - 65*b + 95. What is f(-23)?
3
Let q(g) = -g**3 + 3*g**2 - 2*g + 4. Give q(3).
-2
Let g(h) = h**3 + 11*h**2 + 21*h + 33. Give g(-9).
6
Let q(g) = 5*g**2 + 5*g - 3. Determine q(1).
7
Let p(v) = 8*v**2 + v - 2. What is p(1)?
7
Let j(r) = -2*r**2 + 77. What is j(-6)?
5
Let a(y) = y**3 - 8*y**2 + 3*y - 11. What is a(9)?
97
Let j(t) = -5*t**2 + t - 10. Give j(3).
-52
Let k(o) = -4*o**2 - 144*o + 145. Calculate k(-37).
-3
Let r(p) = -p - 10. Determine r(-8).
-2
Let d(b) = 2*b**3 + 23*b**2 + 12*b + 24. Determine d(-11).
13
Let f(v) = -2*v + 2. What is f(-5)?
12
Let c(m) = 6*m**3 - 4*m**2 + 4*m - 3. Give c(2).
37
Let w(c) = 2*c**3 - 14*c**2 - 3*c + 8. Determine w(6).
-82
Let m(j) = j**3 - 5*j**2 + 7*j - 4. Calculate m(3).
-1
Let i(c) = -5*c**2 - 40*c - 3. Determine i(-8).
-3
Let x(c) = c**2 + 20*c - 21. Give x(-20).
-21
Let r(s) = s - 7. Calculate r(-15).
-22
Let s(d) = d**2 - 10*d + 9. Calculate s(1).
0
Let y(u) = 2*u + 2. Determine y(-7).
-12
Let s(n) = n**3 - 12*n**2 + 4*n - 39. Give s(12).
9
Let i(r) = -r**3 - 22*r**2 + 22*r + 14. Determine i(-23).
37
Let m(h) = h**3 - 5*h**2 - 19*h + 97. Determine m(5).
2
Let h(q) = 3*q**3 + 3*q**2. Give h(-2).
-12
Let x(y) = -y**2 - 13*y - 36. What is x(-8)?
4
Let h(y) = -y + 2. Calculate h(1).
1
Let k(t) = 2*t**2 - 70*t + 1. Give k(35).
1
Let m(b) = b**2 - 4*b - 11. Calculate m(6).
1
Let w(f) = -3*f**2 - 4*f - 7. Determine w(-6).
-91
Let x(a) = a**2 + 40*a - 559. Give x(11).
2
Let t(i) = -i**2 - 25*i - 97. Calculate t(-19).
17
Let b(k) = k**3 + 8*k**2 + 11*k + 13. What is b(-7)?
-15
Let h(g) = -2*g**2 + 20*g - 3. Determine h(14).
-115
Let g(t) = t + 33. Determine g(-14).
19
Let q(l) = -l**2 - 18*l - 23. Determine q(-9).
58
Let p(z) = -3*z**2 + 2*z + 1. Calculate p(-3).
-32
Let j(z) = z - 3. Determine j(2).
-1
Let h(v) = 13*v - 112. Determine h(6).
-34
Let v(m) = -4*m**3 + 2*m + 3. Calculate v(2).
-25
Let s(k) = -2*k**3 - k**2 - 1. What is s(-2)?
11
Let z(p) = 2*p**2 + 18*p - 44. What is z(-11)?
0
Let r(p) = -p**3 - 6*p**2 - p + 4. What is r(-6)?
10
Let k(i) = -i**3 - 6*i**2 - 4*i + 5. What is k(-4)?
-11
Let t(h) = h**3 + 4*h**2 + 10*h - 1. Calculate t(-5).
-76
Let z(b) = -2*b**2 - b - 20. What is z(0)?
-20
Let t(d) = 10*d - 97. Determine t(10).
3
Let r(h) = -h**3 - 10*h**2 - 8*h. Determine r(-7).
-91
Let x(z) = -z**3 - 13*z**2 + 19. Determine x(-13).
19
Let d(o) = -o**3 + 25*o**2 - 24*o + 60. Calculate d(24).
60
Let f(m) = 5*m**3 + 19*m**2 - 4*m + 13. Determine f(-4).
13
Let v(p) = 2*p**3 + p**2 - 5*p + 2. What is v(3)?
50
Let f(a) = -a**2 - 4. Determine f(-3).
-13
Let w(x) = x**2 + 8. Calculate w(-4).
24
Let r(s) = -s**3 + 6*s**2 - 6*s - 10. What is r(4)?
-2
Let l(i) = -4*i + 16. What is l(8)?
-16
Let t(r) = -2*r**2 - 29*r - 26. Calculate t(-14).
-12
Let m(w) = 44*w - 246. Determine m(5).
-26
Let v(f) = -f**2 + 5*f + 5. Calculate v(7).
-9
Let x(w) = w**3 + 6*w**2 + w - 27. Calculate x(-5).
-7
Let x(w) = 2*w**2 - 34*w - 4. What is x(17)?
-4
Let v(r) = -9*r + 35. Calculate v(6).
-19
Let g(x) = -21*x**2 - 2*x - 1. What is g(-1)?
-20
Let s(q) = -2*q**2 + 8*q + 3. Calculate s(4).
3
Let a(c) = 2*c**2 + 3*c - 3. What is a(2)?
11
Let v(i) = 6*i + 2. Calculate v(-5).
-28
Let r(j) = 2*j**2 + 33*j - 33. What is r(-17)?
-16
Let m(j) = -4*j + 11. What is m(5)?
-9
Let p(j) = 20*j - 121. Give p(6).
-1
Let q(o) = -8*o + 4. Give q(2).
-12
Let g(x) = 3*x + 14. Give g(-5).
-1
Let b(l) = -2*l**2 - 59*l + 27. Determine b(-30).
-3
Let w(s) = -2*s - 35. Determine w(-12).
-11
Let r(h) = 3*h**2 - 26*h - 3. What is r(9)?
6
Let n(i) = 6*i + 35. Determine n(-7).
-7
Let v(d) = -2*d**2 + 5*d. What is v(4)?
-12
Let b(z) = 2*z + 11. Give b(4).
19
Let g(t) = t**3 - 6*t**2 + 17*t - 114. Determine g(6).
-12
Let z(b) = -5*b + 163. Give z(34).
-7
Let c(t) = -t**3 - 12*t**2 - 10*t + 8. Calculate c(-11).
-3
Let c(d) = -2*d - 14. Determine c(-10).
6
Let r(a) = -3*a**2 - 9*a + 26. What is r(2)?
-4
Let o(v) = -2*v**3 + 3*v**2 - 5*v + 7. Determine o(3).
-35
Let u(k) = -k**2 + 6*k - 11. Determine u(8).
-27
Let z(b) = b**3 + 6*b**2 - b + 9. Calculate z(-7).
-33
Let b(y) = 4*y - 17. Calculate b(6).
7
Let o(k) = k**3 - 7*k**2 - k + 2. W